pose 25*g - 26*g = -54. List the prime factors of g.
2, 3
Let w = -7 + 7. Suppose w = -5*r - 2*x + 50, 0*x - 5*x = -2*r + 49. What are the prime factors of r?
2, 3
Suppose 0 = 2*m - 4*m. Suppose -5*h + 4*l + 31 = m, 5*l + 35 = 2*h + 9. List the prime factors of h.
3
Let h = -14 + 16. Suppose 0 = -h*c + 7 + 29. List the prime factors of c.
2, 3
Let t = 3 + -1. List the prime factors of t/6 - (-15)/9.
2
Suppose 2*r - 804 = -2*v, 2*v - 2010 = -5*r - v. What are the prime factors of r?
2, 3, 67
Suppose -216 + 1292 = 4*f + 4*t, -528 = -2*f - 4*t. List the prime factors of f.
2, 137
Let k(d) = d**3 - 5*d**2 + 2*d - 7. Let h be k(5). Let j(i) = i**3 - 2*i**2 - 2*i - 1. Let c be j(h). List the prime factors of (c/3)/(10/165).
11
List the prime factors of (588/(-70))/(1/(-5)).
2, 3, 7
Let s = 188 - 36. What are the prime factors of s?
2, 19
Let c(o) = o**2 + 2*o + 3. Let y(s) = 5*s - 4. Let b(x) = 9*x - 8. Let k(z) = 6*b(z) - 11*y(z). Let a be k(-2). List the prime factors of c(a).
3
Let u be (-4)/(-6) - 32/(-24). Suppose y = 8 + u. What are the prime factors of y?
2, 5
Suppose 432 = 3*s - s. List the prime factors of s.
2, 3
Let m = 136 + -93. Suppose -3*p - 78 = -2*n, n - 130 = 2*p + 3*p. Let y = m + p. List the prime factors of y.
17
Let t(n) = n**3 + 10*n**2 + n + 14. Suppose 4 + 6 = -y. What are the prime factors of t(y)?
2
Suppose 2*q - 1 - 17 = 0. Suppose -q = -5*l + 101. List the prime factors of l.
2, 11
Let x = -1 + 4. Let q = -1 + x. What are the prime factors of q?
2
Suppose -4*l + 4 + 9 = v, 3*l + 14 = 4*v. Suppose 0 = -2*i + v + 7. What are the prime factors of i?
2, 3
Let o(i) be the first derivative of -i**3/3 + 7*i**2/2 - 3. Let z be o(7). Suppose 3*j - 5*j + 20 = z. List the prime factors of j.
2, 5
Let c = -163 - -228. List the prime factors of c.
5, 13
Let n(b) = -b**2 + b + 55. Let c be n(0). Suppose 0*z = -5*z - c. Let r = z - -24. List the prime factors of r.
13
Let j = -11 - -17. List the prime factors of j.
2, 3
Suppose 0 = 4*w - 4*v + 6*v - 42, -2*w + 5*v = -15. What are the prime factors of w?
2, 5
Let j(m) = -116*m**3 - m - 1. Let l be j(-1). Let k = -48 + l. Suppose k = 3*t + t. List the prime factors of t.
17
Suppose 4*q + 103 = j, j - 5*q = 2*j - 148. What are the prime factors of j?
3, 41
Let a(x) be the first derivative of 7*x**5/60 - x**3/6 + x**2 - 1. Let l(y) be the second derivative of a(y). List the prime factors of l(1).
2, 3
Suppose -112 = -2*f + 2*t, -t = -f - 5*t + 61. List the prime factors of f.
3, 19
Let t = 7 - 3. List the prime factors of t/(-6)*69/(-2).
23
Let n = 28 + -19. List the prime factors of n.
3
Let j = -7 + 13. List the prime factors of 26/j - 1/3.
2
Suppose a = 7 - 1. Let k = a + 8. List the prime factors of k.
2, 7
Suppose 0 = -a - 4*z + 213, 8 = -5*z - 12. What are the prime factors of a?
229
Let a(n) = -n + 5. Let q be a(-5). Suppose 0 = -f - f + q. Suppose f = x - 6. What are the prime factors of x?
11
Let f = 15 - 18. What are the prime factors of (-1)/2*156/f?
2, 13
Let u(s) = s**2 + 27. Let m be u(0). Let o = -38 + m. What are the prime factors of (0 + -1)/(1/o)?
11
Let v = 5 + 27. Suppose -5*o - 7 + v = 0. What are the prime factors of 0 + o + (-2)/2?
2
Let a(c) be the third derivative of -11*c**4/12 - c**3/3 + 4*c**2. List the prime factors of a(-2).
2, 3, 7
Let q = 44 + -9. Suppose -2*w + 5 = -3*f, 2*f = 3*w - 13 - 2. Suppose -q = 2*i - w*i. List the prime factors of i.
7
Let k(d) = 2 - d**3 + 0 + 6*d**2 + d - 6*d. Suppose 1 - 4 = -t. What are the prime factors of k(t)?
2, 7
Let c(s) = s**3 - 2*s - 9. What are the prime factors of c(5)?
2, 53
Let r be (5/(-2))/(1/(-2)). Suppose 0 = -5*v - 20, r*d + 2*v - 99 = -2*v. List the prime factors of d.
23
Suppose 3 = 4*l - 3*l. Suppose -l*v = -6*v + 3*t, 5*v = -t - 24. What are the prime factors of (-51)/(-6) + 2/v?
2
Let f(a) = -a**3 - 8*a**2 - a + 1. Let t be f(-8). Let c(b) = -b**2 + 10*b + 3. What are the prime factors of c(t)?
2, 3
Let y(q) = -q - 13. Let r be y(-7). Let c(z) = -19*z**2 - 15*z + 5. Let h(j) = -10*j**2 - 8*j + 3. Let t(x) = r*c(x) + 11*h(x). List the prime factors of t(-2).
3, 5
Suppose 4*i - 98 = 5*i. Let h = 138 + i. What are the prime factors of h?
2, 5
Suppose 5*w + 0*w - 15 = 0. List the prime factors of w.
3
Suppose -2*h = -2*u, -2*h + 0*u + 2 = -4*u. What are the prime factors of (h - -16)*(-4)/(-6)?
2, 5
Let y(f) = -4*f**3 + f**2 - f - 1. Let o be y(2). Let l = o - -67. What are the prime factors of l?
2, 3
Let y be (4/6)/((-2)/(-6)). Let h(r) = y + r**2 + r**2 - r**2. What are the prime factors of h(-3)?
11
Suppose -3*f + 80 = f. Suppose 0 = 2*a + 3*a - f. List the prime factors of a.
2
Let m = 165 + -89. List the prime factors of m.
2, 19
Suppose -5*t = -4*y - 170, 5*t + 6*y - y - 170 = 0. List the prime factors of t.
2, 17
Let d = 8 + 3. Let v(t) = t**3 + 6*t**2 + t + 6. Let x be v(-6). Let s = d - x. List the prime factors of s.
11
Suppose -2*j - 16 + 120 = 0. Suppose -5*a + 56 = 2*f, -3*f + j = f - 5*a. List the prime factors of f.
2, 3
Let o be (6 + -14)*5/4. Let r(b) = -b - 2. What are the prime factors of r(o)?
2
Let w(k) be the second derivative of 3/2*k**2 + 0 + 1/3*k**3 - 4*k. List the prime factors of w(7).
17
Let k(a) = 8*a - 1. Let c be k(2). Let w = c - 9. Suppose 2*v + 23 = w*v - n, -3*n - 6 = -3*v. What are the prime factors of v?
7
Let k(o) = -4*o - 7. Let m = -4 + 7. Suppose -s + 10 = -m*s. List the prime factors of k(s).
13
Let q(j) = j**2 + j. Let g be q(-3). What are the prime factors of 2/(-3) - (-64)/g?
2, 5
Let m be ((-3)/(-2))/((-3)/(-10)). Suppose -3*u - d + m*d = -34, 38 = 5*u - 2*d. Suppose 0 = l - k - u, 5*l + 3*k = 2*l + 42. What are the prime factors of l?
2, 5
Let v(o) = o**3 - 6*o**2 + 6*o - 2. Suppose -4*a - 5*m + 7 = -9, 0 = -2*a + m + 8. Let c be v(a). List the prime factors of 2/c - (-258)/15.
17
Let x(b) = 1 + 4 - 2 - 4*b + 1. List the prime factors of x(-6).
2, 7
Let d(c) = 45*c**3 - c**2 - 2*c + 2. What are the prime factors of d(1)?
2, 11
Let r(k) = -k**3 - 8*k**2 - 8*k + 6. Let j be (2 + -3)/((-1)/(-7)). List the prime factors of r(j).
13
Suppose 0 = 3*z, 2*q + 2*q = 2*z + 164. What are the prime factors of q?
41
List the prime factors of 1/((-24)/(-2934)) + 1/(-4).
2, 61
Let d(g) = 6 + 2*g**2 - 7*g + g**2 - 4*g**2. Let q be 2/(-4)*7*2. What are the prime factors of d(q)?
2, 3
Suppose -4*y - 81 = -5*k, 2*y - 23 = -3*k - 2*y. Suppose -k = 4*x - 121. What are the prime factors of x?
3
Suppose 5*q - 2 = 2*h - 42, 3*h + 5*q - 110 = 0. What are the prime factors of h?
2, 3, 5
Let v = 181 - 71. List the prime factors of v.
2, 5, 11
Suppose -5*y - 4 + 84 = 0. List the prime factors of y.
2
Suppose 6*j = 3*j + 12. Suppose 19 - 3 = j*p. Suppose p*d = 11 + 1. What are the prime factors of d?
3
Let l = 534 - 310. List the prime factors of l.
2, 7
Suppose 0 = 5*j + 1 - 16, 59 = 4*z + 5*j. Let u = z + 1. List the prime factors of u.
2, 3
Let z = -26 + 16. Let k = z - -5. List the prime factors of (-21 - -1)*(k - -4).
2, 5
Let t(y) be the first derivative of y**2/2 + 14*y - 1. Let p = -16 - -6. List the prime factors of t(p).
2
Suppose 5*n - 4*p - 430 = -8*p, -348 = -4*n - 4*p. What are the prime factors of n?
2, 41
Suppose i - 1 = 3*d, -3*i + 4*d = 9 - 2. List the prime factors of ((-15)/(-6))/i*-102.
3, 17
What are the prime factors of (-6)/(-9) + 254/6?
43
Suppose 2*v + 2 = -0*v. Let f be 14*v/(2/(-2)). What are the prime factors of f + 2 + (-4)/2?
2, 7
Let v be (-1 + (-10)/(-3))*3. Suppose 2*z - v = -2*b + b, z + 1 = 0. List the prime factors of b.
3
Let h(m) = -7*m + m - 3*m - 1 + 3. What are the prime factors of h(-2)?
2, 5
Let z(f) = -5*f + 20. What are the prime factors of z(-16)?
2, 5
Suppose 5*a = -4*v + 288, 3*a - 8*a - 5*v + 290 = 0. Let n(o) = -o + 1. Let x be n(-3). Suppose -x*z = 16 - a. List the prime factors of z.
2, 5
Suppose -4*o = -o - 9. Let a(n) = -5*n**2 + n**2 + 5*n**2 + o. List the prime factors of a(3).
2, 3
Suppose 0 = 4*n + 4*a + 32, 0 = 4*n + 2*a + 3*a + 35. Let t = -6 - n. Let j(l) = -4*l**3 + 2*l + 1. List the prime factors of j(t).
3
Let c(i) = i**3 - 5*i**2 + 3. Let k be c(5). Let d = k - -19. What are the prime factors of d?
2, 11
Let a(k) = -k**2 + 10*k - 5. What are the prime factors of a(8)?
11
Let v = 6 - 1. Suppose -6 = -s + 2*h, 3*s + 2 = v*s